{"id":101,"date":"2018-02-26T10:02:46","date_gmt":"2018-02-26T13:02:46","guid":{"rendered":"https:\/\/iscc.ufpr.br\/?page_id=101"},"modified":"2019-08-27T13:47:47","modified_gmt":"2019-08-27T16:47:47","slug":"disciplinas","status":"publish","type":"page","link":"https:\/\/iscc.ufpr.br\/?page_id=101","title":{"rendered":"Disciplinas"},"content":{"rendered":"<h3>Sustentabilidade ambiental aplicada \u00e0s edifica\u00e7\u00f5es<\/h3>\n<p style=\"text-align: justify;\">Introduzir os conceitos-base sobre sustentabilidade, com destaque para a sustentabilidade ambiental e os\u00a0principais impactos associados ao ambiente constru\u00eddo em geral. Apresentar o conceito de ciclo de vida da\u00a0edifica\u00e7\u00e3o, suas estruturas mais discutidas cientificamente e os principais crit\u00e9rios de an\u00e1lise. Associar \u00e0s\u00a0etapas do ciclo de vida os impactos mais comuns e discutir o cen\u00e1rio nas edifica\u00e7\u00f5es brasileiras. Abordar a\u00a0produ\u00e7\u00e3o cient\u00edfica dos principais pesquisadores da \u00e1rea no Brasil e no exterior e estimular a produ\u00e7\u00e3o de\u00a0artigos nos temas estudados.<\/p>\n<h3>Projetos especiais em Arquitetura mais sustent\u00e1veis<\/h3>\n<p style=\"text-align: justify;\">Apresentar a base conceitual necess\u00e1ria para desenvolvimento de projetos de Arquitetura mais\u00a0sustent\u00e1veis. Estudo de t\u00e9cnicas construtivas e materiais de constru\u00e7\u00e3o que destaquem atributos de\u00a0sustentabilidade. Estudos de aplica\u00e7\u00e3o em edifica\u00e7\u00f5es no Brasil e no mundo. Certifica\u00e7\u00e3o ambiental de\u00a0produto e associa\u00e7\u00e3o ao ciclo de vida da edifica\u00e7\u00e3o. Certifica\u00e7\u00f5es ambientais volunt\u00e1rias e de efici\u00eancia\u00a0energ\u00e9tica. Desenvolver projetos de Arquitetura mais sustent\u00e1veis.<\/p>\n<h3 style=\"text-align: justify;\">Recursos tecnol\u00f3gicos para projetos de Arquitetura mais sustent\u00e1veis<\/h3>\n<p style=\"text-align: justify;\">Apresentar a oferta de recursos tecnol\u00f3gicos dispon\u00edveis nos principais centros de pesquisa do Brasil e do\u00a0mundo que facilitem o projeto de arquitetura mais sustent\u00e1vel. Estudar os recursos de programas e\u00a0aplicativos para simula\u00e7\u00e3o termo-energ\u00e9tica, ilumina\u00e7\u00e3o natural e artificial, efici\u00eancia energ\u00e9tica, impactos\u00a0ambientais no ciclo de vida da edifica\u00e7\u00e3o, entre outros. Desenvolver modelagem BIM aplicada ao ciclo de\u00a0vida da edifica\u00e7\u00e3o visando um projeto mais sustent\u00e1vel. Aplicar os recursos dispon\u00edveis em projetos de\u00a0arquitetura visando \u00e0 melhora dos atributos de sustentabilidade.<\/p>\n","protected":false},"excerpt":{"rendered":"<p>Sustentabilidade ambiental aplicada \u00e0s edifica\u00e7\u00f5es Introduzir os conceitos-base sobre sustentabilidade, com destaque para a sustentabilidade ambiental e os\u00a0principais impactos associados ao ambiente constru\u00eddo em geral. Apresentar o conceito de ciclo de vida da\u00a0edifica\u00e7\u00e3o, suas estruturas mais discutidas cientificamente e os principais crit\u00e9rios de an\u00e1lise. Associar \u00e0s\u00a0etapas do ciclo de vida os impactos mais comuns e &hellip; <\/p>\n<p class=\"link-more\"><a href=\"https:\/\/iscc.ufpr.br\/?page_id=101\" class=\"more-link\">Continue lendo<span class=\"screen-reader-text\"> &#8220;Disciplinas&#8221;<\/span><\/a><\/p>\n","protected":false},"author":3,"featured_media":0,"parent":0,"menu_order":0,"comment_status":"closed","ping_status":"closed","template":"","meta":{"footnotes":""},"class_list":["post-101","page","type-page","status-publish","hentry"],"_links":{"self":[{"href":"https:\/\/iscc.ufpr.br\/index.php?rest_route=\/wp\/v2\/pages\/101"}],"collection":[{"href":"https:\/\/iscc.ufpr.br\/index.php?rest_route=\/wp\/v2\/pages"}],"about":[{"href":"https:\/\/iscc.ufpr.br\/index.php?rest_route=\/wp\/v2\/types\/page"}],"author":[{"embeddable":true,"href":"https:\/\/iscc.ufpr.br\/index.php?rest_route=\/wp\/v2\/users\/3"}],"replies":[{"embeddable":true,"href":"https:\/\/iscc.ufpr.br\/index.php?rest_route=%2Fwp%2Fv2%2Fcomments&post=101"}],"version-history":[{"count":6,"href":"https:\/\/iscc.ufpr.br\/index.php?rest_route=\/wp\/v2\/pages\/101\/revisions"}],"predecessor-version":[{"id":185,"href":"https:\/\/iscc.ufpr.br\/index.php?rest_route=\/wp\/v2\/pages\/101\/revisions\/185"}],"wp:attachment":[{"href":"https:\/\/iscc.ufpr.br\/index.php?rest_route=%2Fwp%2Fv2%2Fmedia&parent=101"}],"curies":[{"name":"wp","href":"https:\/\/api.w.org\/{rel}","templated":true}]}}