{"id":153,"date":"2018-02-26T14:00:47","date_gmt":"2018-02-26T17:00:47","guid":{"rendered":"https:\/\/iscc.ufpr.br\/?page_id=153"},"modified":"2018-02-27T13:36:19","modified_gmt":"2018-02-27T16:36:19","slug":"noticias","status":"publish","type":"page","link":"https:\/\/iscc.ufpr.br\/?page_id=153","title":{"rendered":"Not\u00edcias"},"content":{"rendered":"<h3>Pr\u00f3ximos Eventos:<\/h3>\n<p>VI Congresso Brasileiro sobre Gest\u00e3o do Ciclo de Vida<br \/>\nData: 17 a 20 de junho de 2018<br \/>\nLocal: Bras\u00edlia &#8211; DF<br \/>\nSite: <a href=\"http:\/\/acv.ibict.br\/gcv\/\">http:\/\/acv.ibict.br\/gcv\/<\/a><\/p>\n<p>XVII Encontro Nacional de Tecnologia do Ambiente Constru\u00eddo &#8211; Desafios da Inova\u00e7\u00e3o no Ambiente Constru\u00eddo<br \/>\nData: 12 a 14 de novembro de 2018<br \/>\nLocal: Foz do Igua\u00e7u &#8211; PR<br \/>\nSite: <a href=\"http:\/\/entac2018.com.br\/\">http:\/\/entac2018.com.br\/<\/a><\/p>\n","protected":false},"excerpt":{"rendered":"<p>Pr\u00f3ximos Eventos: VI Congresso Brasileiro sobre Gest\u00e3o do Ciclo de Vida Data: 17 a 20 de junho de 2018 Local: Bras\u00edlia &#8211; DF Site: http:\/\/acv.ibict.br\/gcv\/ XVII Encontro Nacional de Tecnologia do Ambiente Constru\u00eddo &#8211; Desafios da Inova\u00e7\u00e3o no Ambiente Constru\u00eddo Data: 12 a 14 de novembro de 2018 Local: Foz do Igua\u00e7u &#8211; PR Site: &hellip; <\/p>\n<p class=\"link-more\"><a href=\"https:\/\/iscc.ufpr.br\/?page_id=153\" class=\"more-link\">Continue lendo<span class=\"screen-reader-text\"> &#8220;Not\u00edcias&#8221;<\/span><\/a><\/p>\n","protected":false},"author":3,"featured_media":0,"parent":0,"menu_order":0,"comment_status":"closed","ping_status":"closed","template":"","meta":{"footnotes":""},"class_list":["post-153","page","type-page","status-publish","hentry"],"_links":{"self":[{"href":"https:\/\/iscc.ufpr.br\/index.php?rest_route=\/wp\/v2\/pages\/153"}],"collection":[{"href":"https:\/\/iscc.ufpr.br\/index.php?rest_route=\/wp\/v2\/pages"}],"about":[{"href":"https:\/\/iscc.ufpr.br\/index.php?rest_route=\/wp\/v2\/types\/page"}],"author":[{"embeddable":true,"href":"https:\/\/iscc.ufpr.br\/index.php?rest_route=\/wp\/v2\/users\/3"}],"replies":[{"embeddable":true,"href":"https:\/\/iscc.ufpr.br\/index.php?rest_route=%2Fwp%2Fv2%2Fcomments&post=153"}],"version-history":[{"count":8,"href":"https:\/\/iscc.ufpr.br\/index.php?rest_route=\/wp\/v2\/pages\/153\/revisions"}],"predecessor-version":[{"id":192,"href":"https:\/\/iscc.ufpr.br\/index.php?rest_route=\/wp\/v2\/pages\/153\/revisions\/192"}],"wp:attachment":[{"href":"https:\/\/iscc.ufpr.br\/index.php?rest_route=%2Fwp%2Fv2%2Fmedia&parent=153"}],"curies":[{"name":"wp","href":"https:\/\/api.w.org\/{rel}","templated":true}]}}