{"id":82,"date":"2018-02-15T15:43:45","date_gmt":"2018-02-15T18:43:45","guid":{"rendered":"https:\/\/iscc.ufpr.br\/?page_id=82"},"modified":"2018-02-27T13:18:27","modified_gmt":"2018-02-27T16:18:27","slug":"contato","status":"publish","type":"page","link":"https:\/\/iscc.ufpr.br\/?page_id=82","title":{"rendered":"Contato"},"content":{"rendered":"<p>Universidade Federal do Paran\u00e1<br \/>\nCentro Polit\u00e9cnico<br \/>\nRua Evaristo F. Ferreira da Costa, 418 &#8211; Jardim das Am\u00e9ricas<br \/>\nCuritiba &#8211; PR &#8211; Brasil &#8211; CEP 81530-090<\/p>\n<h5><span style=\"color: #000000;\"><strong>Links<\/strong><\/span><\/h5>\n<p style=\"text-align: left;\"><a href=\"http:\/\/lattes.cnpq.br\/\"><img loading=\"lazy\" decoding=\"async\" class=\"alignnone size-full wp-image-161\" src=\"https:\/\/iscc.ufpr.br\/wp-content\/uploads\/2018\/02\/Lattes.png\" alt=\"\" width=\"139\" height=\"78\" \/><\/a><\/p>\n<p style=\"text-align: left;\">\u00a0<a href=\"http:\/\/www.labeee.ufsc.br\/\"><img loading=\"lazy\" decoding=\"async\" class=\"alignnone size-full wp-image-164\" src=\"https:\/\/iscc.ufpr.br\/wp-content\/uploads\/2018\/02\/Capes.png\" alt=\"\" width=\"185\" height=\"67\" \/>\u00a0<\/a><\/p>\n<p style=\"text-align: left;\"><a href=\"http:\/\/www.gp-cit.ufpr.br\/\"><img loading=\"lazy\" decoding=\"async\" class=\"wp-image-167 alignleft\" src=\"https:\/\/iscc.ufpr.br\/wp-content\/uploads\/2018\/02\/PPGECC-UFPR.png\" alt=\"\" width=\"180\" height=\"127\" \/><\/a><\/p>\n<p>&nbsp;<\/p>\n<p>&nbsp;<\/p>\n<p>&nbsp;<\/p>\n<p>&nbsp;<\/p>\n<p>&nbsp;<\/p>\n<p style=\"text-align: left;\"><img loading=\"lazy\" decoding=\"async\" class=\"size-full wp-image-170 alignnone\" src=\"https:\/\/iscc.ufpr.br\/wp-content\/uploads\/2018\/02\/GP-CIT.png\" alt=\"\" width=\"254\" height=\"77\" \/><\/p>\n<p><img loading=\"lazy\" decoding=\"async\" class=\"alignnone size-full wp-image-168\" src=\"https:\/\/iscc.ufpr.br\/wp-content\/uploads\/2018\/02\/Labeee.png\" alt=\"\" width=\"193\" height=\"95\" \/><\/p>\n<p>&nbsp;<\/p>\n","protected":false},"excerpt":{"rendered":"<p>Universidade Federal do Paran\u00e1 Centro Polit\u00e9cnico Rua Evaristo F. Ferreira da Costa, 418 &#8211; Jardim das Am\u00e9ricas Curitiba &#8211; PR &#8211; Brasil &#8211; CEP 81530-090 Links \u00a0\u00a0 &nbsp; &nbsp; &nbsp; &nbsp; &nbsp; &nbsp;<\/p>\n","protected":false},"author":3,"featured_media":0,"parent":0,"menu_order":0,"comment_status":"closed","ping_status":"closed","template":"","meta":{"footnotes":""},"class_list":["post-82","page","type-page","status-publish","hentry"],"_links":{"self":[{"href":"https:\/\/iscc.ufpr.br\/index.php?rest_route=\/wp\/v2\/pages\/82"}],"collection":[{"href":"https:\/\/iscc.ufpr.br\/index.php?rest_route=\/wp\/v2\/pages"}],"about":[{"href":"https:\/\/iscc.ufpr.br\/index.php?rest_route=\/wp\/v2\/types\/page"}],"author":[{"embeddable":true,"href":"https:\/\/iscc.ufpr.br\/index.php?rest_route=\/wp\/v2\/users\/3"}],"replies":[{"embeddable":true,"href":"https:\/\/iscc.ufpr.br\/index.php?rest_route=%2Fwp%2Fv2%2Fcomments&post=82"}],"version-history":[{"count":15,"href":"https:\/\/iscc.ufpr.br\/index.php?rest_route=\/wp\/v2\/pages\/82\/revisions"}],"predecessor-version":[{"id":191,"href":"https:\/\/iscc.ufpr.br\/index.php?rest_route=\/wp\/v2\/pages\/82\/revisions\/191"}],"wp:attachment":[{"href":"https:\/\/iscc.ufpr.br\/index.php?rest_route=%2Fwp%2Fv2%2Fmedia&parent=82"}],"curies":[{"name":"wp","href":"https:\/\/api.w.org\/{rel}","templated":true}]}}